 by 86.
66
What is the remainder when 3385 is divided by 308?
305
What is the remainder when 892 is divided by 149?
147
What is the remainder when 275 is divided by 68?
3
What is the remainder when 37 is divided by 4?
1
What is the remainder when 56 is divided by 36?
20
What is the remainder when 603 is divided by 76?
71
Calculate the remainder when 326 is divided by 165.
161
Calculate the remainder when 223 is divided by 8.
7
What is the remainder when 6408 is divided by 17?
16
Calculate the remainder when 9449 is divided by 70.
69
What is the remainder when 86 is divided by 73?
13
Calculate the remainder when 584 is divided by 12.
8
Calculate the remainder when 144 is divided by 29.
28
Calculate the remainder when 238 is divided by 60.
58
What is the remainder when 1044 is divided by 79?
17
What is the remainder when 85 is divided by 51?
34
What is the remainder when 1251 is divided by 18?
9
What is the remainder when 557 is divided by 62?
61
What is the remainder when 40 is divided by 8?
0
What is the remainder when 54 is divided by 14?
12
What is the remainder when 125 is divided by 9?
8
What is the remainder when 6085 is divided by 674?
19
What is the remainder when 1510 is divided by 305?
290
Calculate the remainder when 839 is divided by 37.
25
Calculate the remainder when 158 is divided by 21.
11
What is the remainder when 688 is divided by 69?
67
What is the remainder when 244 is divided by 19?
16
What is the remainder when 526 is divided by 48?
46
Calculate the remainder when 2194 is divided by 110.
104
What is the remainder when 482 is divided by 77?
20
Calculate the remainder when 190 is divided by 32.
30
Calculate the remainder when 1223 is divided by 35.
33
What is the remainder when 411 is divided by 83?
79
Calculate the remainder when 244 is divided by 82.
80
What is the remainder when 189 is divided by 149?
40
What is the remainder when 1718 is divided by 24?
14
Calculate the remainder when 3587 is divided by 39.
38
Calculate the remainder when 535 is divided by 86.
19
What is the remainder when 214 is divided by 79?
56
Calculate the remainder when 93 is divided by 38.
17
What is the remainder when 5509 is divided by 197?
190
Calculate the remainder when 131 is divided by 67.
64
What is the remainder when 410 is divided by 131?
17
Calculate the remainder when 37 is divided by 15.
7
Calculate the remainder when 638 is divided by 80.
78
What is the remainder when 372 is divided by 27?
21
What is the remainder when 218 is divided by 159?
59
What is the remainder when 550 is divided by 138?
136
What is the remainder when 419 is divided by 14?
13
Calculate the remainder when 578 is divided by 69.
26
What is the remainder when 173 is divided by 25?
23
Calculate the remainder when 252 is divided by 23.
22
What is the remainder when 457 is divided by 166?
125
What is the remainder when 2364 is divided by 79?
73
What is the remainder when 395 is divided by 7?
3
Calculate the remainder when 246 is divided by 19.
18
What is the remainder when 139 is divided by 46?
1
Calculate the remainder when 1699 is divided by 100.
99
Calculate the remainder when 459 is divided by 20.
19
Calculate the remainder when 217 is divided by 28.
21
Calculate the remainder when 137 is divided by 71.
66
Calculate the remainder when 1078 is divided by 8.
6
What is the remainder when 201 is divided by 105?
96
What is the remainder when 13 is divided by 6?
1
Calculate the remainder when 88 is divided by 64.
24
Calculate the remainder when 847 is divided by 17.
14
Calculate the remainder when 1058 is divided by 19.
13
Calculate the remainder when 300 is divided by 95.
15
What is the remainder when 3 is divided by 3?
0
What is the remainder when 450 is divided by 40?
10
What is the remainder when 145 is divided by 25?
20
Calculate the remainder when 177 is divided by 72.
33
What is the remainder when 1605 is divided by 24?
21
Calculate the remainder when 676 is divided by 53.
40
What is the remainder when 1485 is divided by 298?
293
What is the remainder when 479 is divided by 210?
59
Calculate the remainder when 187 is divided by 3.
1
Calculate the remainder when 228 is divided by 7.
4
Calculate the remainder when 428 is divided by 87.
80
What is the remainder when 40585 is divided by 182?
181
Calculate the remainder when 315 is divided by 77.
7
What is the remainder when 1568 is divided by 15?
8
What is the remainder when 46 is divided by 45?
1
Calculate the remainder when 90 is divided by 43.
4
Calculate the remainder when 652 is divided by 215.
7
Calculate the remainder when 574 is divided by 25.
24
Calculate the remainder when 115 is divided by 46.
23
Calculate the remainder when 525 is divided by 14.
7
What is the remainder when 167 is divided by 13?
11
What is the remainder when 119 is divided by 74?
45
What is the remainder when 222 is divided by 123?
99
What is the remainder when 10224 is divided by 22?
16
Calculate the remainder when 272 is divided by 39.
38
Calculate the remainder when 100 is divided by 36.
28
Calculate the remainder when 76 is divided by 11.
10
Calculate the remainder when 1539 is divided by 506.
21
Calculate the remainder when 229 is divided by 102.
25
Calculate the remainder when 1578 is divided by 120.
18
What is the remainder when 296 is divided by 152?
144
Calculate the remainder when 1171 is divided by 197.
186
Calculate the remainder when 1626 is divided by 163.
159
What is the remainder when 1859 is divided by 234?
221
Calculate the remainder when 106 is divided by 77.
29
What is the remainder when 477 is divided by 22?
15
What is the remainder when 192 is divided by 89?
14
What is the remainder when 125 is divided by 64?
61
What is the remainder when 66 is divided by 42?
24
What is the remainder when 1279 is divided by 390?
109
Calculate the remainder when 291 is divided by 50.
41
What is the remainder when 1294 is divided by 18?
16
Calculate the remainder when 362 is divided by 13.
11
What is the remainder when 879 is divided by 22?
21
What is the remainder when 966 is divided by 11?
9
What is the remainder when 2649 is divided by 156?
153
What is the remainder when 384 is divided by 6?
0
What is the remainder when 241 is divided by 11?
10
What is the remainder when 144 is divided by 80?
64
Calculate the remainder when 149 is divided by 72.
5
What is the remainder when 115 is divided by 29?
28
What is the remainder when 280 is divided by 17?
8
Calculate the remainder when 225 is divided by 52.
17
What is the remainder when 123 is divided by 22?
13
Calculate the remainder when 1087 is divided by 18.
7
Calculate the remainder when 7469 is divided by 32.
13
Calculate the remainder when 1672 is divided by 60.
52
What is the remainder when 2043 is divided by 137?
125
What is the remainder when 9684 is divided by 56?
52
What is the remainder when 2702 is divided by 46?
34
Calculate the remainder when 521 is divided by 258.
5
What is the remainder when 403 is divided by 107?
82
What is the remainder when 226 is divided by 11?
6
What is the remainder when 227 is divided by 18?
11
Calculate the remainder when 135 is divided by 14.
9
Calculate the remainder when 851 is divided by 86.
77
Calculate the remainder when 158 is divided by 41.
35
What is the remainder when 1031 is divided by 343?
2
What is the remainder when 516 is divided by 11?
10
Calculate the remainder when 84 is divided by 33.
18
Calculate the remainder when 531 is divided by 41.
39
Calculate the remainder when 472 is divided by 342.
130
Calculate the remainder when 39 is divided by 15.
9
What is the remainder when 21348 is divided by 14?
12
Calculate the remainder when 291 is divided by 70.
11
What is the remainder when 622 is divided by 78?
76
Calculate the remainder when 1744 is divided by 164.
104
What is the remainder when 264 is divided by 39?
30
Calculate the remainder when 1006 is divided by 21.
19
Calculate the remainder when 138 is divided by 14.
12
Calculate the remainder when 359 is divided by 176.
7
Calculate the remainder when 1262 is divided by 16.
14
What is the remainder when 89 is divided by 14?
5
What is the remainder when 141 is divided by 21?
15
Calculate the remainder when 11 is divided by 1.
0
Calculate the remainder when 783 is divided by 131.
